 prime?
False
Let q = -1 + 5. Is q a composite number?
True
Is -5 + (6 - 4) - -38 a prime number?
False
Suppose 5*k = 3*o - 18, 3*k - 5*o = -2 - 12. Let g be 275 + (-2)/((-6)/k). Suppose 0*z = z - f - 65, -4*z + g = 3*f. Is z prime?
True
Let v(y) = -2*y**2 + y + 2. Let j be v(4). Let s(d) = 9*d - 14. Let p be s(7). Let r = j + p. Is r a prime number?
True
Suppose -2*g = -g - 4. Suppose -g*w - 265 = -9*w. Is w a prime number?
True
Is (-180 + 2)*(-3)/6 a composite number?
False
Let o be 2/(-6) + (-45)/27. Let a(l) = -29*l**3 - 2*l**2 - 6*l - 3. Is a(o) a composite number?
False
Is (-32735)/(-20) + (-2)/(-8) composite?
False
Suppose -3*n = 3*x - 3, 0 - 3 = -3*n + 4*x. Is ((-77)/3)/(n/(-3)) a composite number?
True
Let d = -121 + 282. Is d prime?
False
Let y(n) = -n**3 + n**2 - 1. Let c = -8 + 6. Is y(c) prime?
True
Is 3 - 0/(-1) - -2542 composite?
True
Let z be ((-3)/(-9))/((-2)/(-30)). Suppose 0 = -z*j + 4*s + 16, -3*j - j = -s - 4. Is j - 1 - (-2 - 1) prime?
True
Let h be 19/5 + 2/10. Is 1422/12*h/6 composite?
False
Let n be (10/(-6))/(5/(-15)). Let x = 17 - n. Let z = x + 1. Is z a composite number?
False
Let q be (-16)/(-6) + (-2)/3. Let n be ((-9)/(-6))/((-9)/(-30)). Suppose u - 16 = -3*b, q*b - 85 = -n*u + 60. Is u a prime number?
True
Let w = 6 + -2. Suppose w*p = 8*p - 4. Suppose 1175 = 4*q + 5*y, -p = 5*y - 4*y. Is q a prime number?
False
Suppose c = 3 - 1. Suppose 13 = 3*k - c*i, i + 31 = 4*k + k. Is k prime?
True
Let k = -2 + 49. Is k/2 + (-3)/6 prime?
True
Suppose 0 = 3*d - p - 13382, 0 = -3*d + 4*p - 2*p + 13381. Is d a prime number?
False
Let i = -31 - -68. Suppose 4*x - 26 = -q, 0 = 2*q + 3*x + 2*x - i. Suppose -14 = 5*z + q, 2*s - 154 = -z. Is s prime?
True
Suppose 0 = 5*t - 4*d - 6511, -5*t - d + 5192 = -t. Is t a prime number?
False
Let n be 4 - (6 - (-1 - -4)). Suppose -6 = -3*d, c - n = 2*d - 3. Suppose 3*k - 2*p = 241, k + 4*k - c*p - 407 = 0. Is k a composite number?
False
Let j(v) be the first derivative of -3*v**2 - 3*v + 4. Is j(-4) composite?
True
Suppose 7*i + 6 = 4*i. Let j be (-78)/5 - i/(-5). Let h = -7 - j. Is h prime?
False
Suppose 3*x + 4*c + 28 = 5*x, 5*x - c - 25 = 0. Let t = 8 - 6. Suppose -x*q + 336 = 4*f, 2*q = q + t*f + 87. Is q composite?
True
Suppose 4*z + 0*y = 4*y + 232, 4*z = 2*y + 232. Is z prime?
False
Let u(y) = 7*y**2 + 6*y + 6. Is u(-3) a prime number?
False
Let c(s) = -s**2 + s - 3. Let h be c(-3). Let q = h - -22. Is q a composite number?
False
Let j be 1*7*(-1 + 2). Suppose 2*s + 3 = j. Is (1 - s)*1 + 24 prime?
True
Suppose 4*v - 21 = -5. Let b = v - 0. Suppose -136 = -4*t - 0*x - b*x, -78 = -3*t + 5*x. Is t prime?
True
Is -2*(-2)/10 - (-1728)/30 a prime number?
False
Let c(t) = 29*t**2 - 9*t - 7. Is c(5) a prime number?
True
Let l(b) = -109*b**3 + 3*b**2 - b - 8. Is l(-3) a composite number?
True
Let c(t) = -56*t - 1. Is c(-4) composite?
False
Let g be ((-18)/(-3) - 1)*-1. Is (2/g)/(1/(-5)) prime?
True
Let o(v) = 26*v**2 + v + 1. Let s be o(-1). Let w = -12 - -17. Suppose -4*t = -2*l - s - 296, 2*t - 143 = -w*l. Is t prime?
True
Let y = -11 + 11. Suppose y = -v + 22 + 11. Suppose -4*o - v = -265. Is o composite?
True
Let f(m) = -m**2 + 12*m - 3. Let w = -3 - -8. Suppose 0 = 5*p + w, 0*c - 3*p + 3 = c. Is f(c) a composite number?
True
Let o(c) = -c**3 + 5*c**2 + 2*c - 7. Let q be o(5). Is (-1)/(-6)*166*q prime?
True
Is 438*5/(-4)*4/(-6) composite?
True
Let g(u) = 3*u**2 - 3. Let c(l) = -l**2. Let s(m) = 2*c(m) + g(m). Is s(6) composite?
True
Let q be (-396)/8*(-2)/3. Suppose 0 = -2*a - a + q. Is a a composite number?
False
Suppose 0 = 3*r - 1530 + 129. Is r prime?
True
Let w(s) = -s**2 - 7*s - 3. Suppose -2*a - a + 12 = 0. Suppose -d + 7 = -2*o - 2, -5*d + 9 = -a*o. Is w(o) a prime number?
True
Is -3*(5312/(-12) - -3) a composite number?
False
Suppose 5*i + q + 2*q - 31 = 0, 2*q + 6 = 2*i. Suppose o - i = -1. Suppose -o*z + 50 = z. Is z a composite number?
True
Is (6/4)/((-6)/(-1012)) a composite number?
True
Let v = 4 - 0. Suppose -5*n + 20 = -5*a, -5*a + n - v - 8 = 0. Is a/3 + 696/18 a prime number?
False
Suppose -6*t = -12630 + 3264. Is t composite?
True
Let l be (6/1)/(4/10). Suppose -5*h + l = -0*h. Is h/((-9)/5 - -2) a prime number?
False
Let l be (0 - 1)/(4/(-12)). Suppose -2*o + l + 3 = 0. Is o a prime number?
True
Suppose -3*f + 5 + 4 = m, -12 = -4*f - 2*m. Let l = -8 + f. Is (-393)/l + 2/5 prime?
True
Let w(x) = 37*x**2 + x - 10. Let t(o) = 19*o**2 + o - 5. Let c(b) = -7*t(b) + 4*w(b). Is c(5) a composite number?
True
Suppose 4*d + 2*b = 706, -486 = -2*d + 4*b - 108. Is d a composite number?
False
Let b be 1*2*(-15)/(-6). Let a(r) = r + 1. Let t be a(b). Let x = t - -61. Is x a composite number?
False
Let o(v) = 2*v**3 + 3*v**2 - 3*v + 4. Let a be o(-3). Let m = -20 - a. Is ((-2)/m)/(2/150) composite?
True
Let a(x) = 1 - 2*x**2 + 5*x**2 - 6*x + 0*x**2. Is a(5) composite?
True
Suppose -3*q - 3*t + 128 = -2*t, q + t - 40 = 0. Is ((-10)/8)/((-1)/q) prime?
False
Let n(t) = -10*t - 5. Suppose q - 10 = -q. Suppose -q*g = -3*s - 2, -4*s + 28 - 74 = 2*g. Is n(s) prime?
False
Let m = -82 + 149. Is m prime?
True
Let b = -33 - -70. Is b a composite number?
False
Suppose 0 = -0*u - 5*u + 45. Let f = u + -14. Let j = f - -12. Is j composite?
False
Let v = 136 + 349. Is v a composite number?
True
Let t = -120 + 269. Is t a prime number?
True
Let b = -5 + 4. Is 2*b - (-12 + -3) a prime number?
True
Let r be 479/9 + 4/(-18). Let w = 1 + -1. Suppose 5*f - 4*f - r = w. Is f a prime number?
True
Let n be (-4)/(-6) - 4642/(-3). Let z = n + -745. Suppose -372 = -5*d + z. Is d a composite number?
True
Let g(l) = -l**3 - l**2 + l + 241. Let h be g(0). Suppose -93 = -k + 4*y, k + 3*y - h = -k. Is k a prime number?
True
Suppose -45 = 3*d - 3606. Is d composite?
False
Suppose 13*s - 15*s = 4*i - 486, 0 = -5*s - 2*i + 1191. Is s a composite number?
True
Let v = -620 - -871. Is v a prime number?
True
Let c(k) = -k**2 + 55. Let s be -3*3/(-18)*-4. Let n be (2 - 2)/((-4)/s). Is c(n) prime?
False
Suppose 0 = g - 9*r + 4*r + 26, -4*g - 20 = r. Let x(o) = -o**3 - 5*o**2 + 6*o + 2. Let f be x(g). Is (0 - f/6)*-33 composite?
False
Let t(g) = -9*g - 5. Let y be t(-6). Suppose -3*x + y = -4*m, -3*x + 44 = -m + 2*m. Is x a prime number?
False
Suppose -w + 2781 = 2*w. Suppose -3*a - w = 5*p, p - 5*a = -a - 190. Let k = 313 + p. Is k prime?
True
Suppose 24*f = 27*f - 987. Is f a prime number?
False
Suppose -5*p = -3*v - 896, 0 = -4*p + 2*v + 348 + 370. Is p a prime number?
True
Suppose 5*s + 25 = -h, s - 4*s = -4*h + 15. Suppose -w + 5 + h = 0. Is (1 - 3/(-3)) + w composite?
False
Let d = -8513 - -13710. Is d composite?
False
Suppose -3*l - 2*z = -8105, 5*l - 4*z - 2022 = 11523. Is l composite?
True
Let v be -3*1 + 48/8. Suppose -4*b = 2*k - 90, 6 - 54 = -k - v*b. Is k a prime number?
False
Let x = 6 - -28. Suppose -4*c + 2*o + 115 = -1, -5*o + x = 2*c. Let p = c - 4. Is p a composite number?
False
Let q = 8 + -4. Let b be (2/q)/((-3)/3468). Let d = -109 - b. Is d a prime number?
False
Let r(z) = z**3 - 8*z**2 - z + 10. Let n be r(8). Suppose 0 = -2*o + 4*x + 70, 5*o + 0*x + n*x = 151. Is o a composite number?
False
Let s(g) = 5*g - 8. Let d be (-606)/(-66) - 4/22. Is s(d) a composite number?
False
Let l(x) = x**3 - 5*x**2 - 5*x - 2. Suppose 1 = v - 5*z, -3*v = -z - 4*z - 13. Let k be l(v). Let g(y) = 5*y**2 + y + 1. Is g(k) prime?
False
Suppose -1 = -y + 2*n, -5*n + 4 = -4*y + 14. Let b = y - -6. Is b prime?
True
Suppose h - 40 - 5 = 0. Let k = h - 31. Suppose -5*b + k = -4*b. Is b prime?
False
Let o(l) = -10 + 42*l - 24*l + 2*l**2 - 23*l. Let m(n) = 8*n - 1. Let j be m(1). Is o(j) a prime number?
True
Let v(t) = t**2 - 3*t - 7. Let f be v(5). Suppose 5*a + 0*a = -f*x + 260, 88 = x + 3*a. Is x a prime number?
False
Suppose 0 = -3*w + d + 187, 2*d - 2 = d. Suppose -w = -5*f + 307. Is f a composite number?
True
Suppose 4*m = 11 - 3. Suppose -m*i = -1 - 1. Is 4 + -2 + 32 + i a composite number?
True
Let t = -110 - -306. Suppose -4*x - t = -656. Is x composite?
True
Let k(b) = 92*b - 27. Is k(13) composite?
True
Let k(g) = 3*g**2 + 16*g - 22. Let o be k(-16). Is o/21*3/2 a composite number?
True
Let j(v) be the second derivative of -67*v**3/6 + v**2 + v. Is j(-3) a prime number?
False
Let z = -5 - 1. Is 1/(11/z + 2) a com